m) = -2*m**3 + 15*m**2 + m + 1. Let s(k) = 7*p(k) + 3*y(k). List the prime factors of s(-8).
2, 3, 37
Suppose -37*r + 38*r - 13637 = 4*n, 0 = -r - n + 13622. What are the prime factors of r?
5, 109
Let g be -5*1 + (-5 - -50) + 8. What are the prime factors of (-63)/42*-16*g/9?
2
Suppose -4*u = 3*o - 504, u - 177 = -2*o + 159. List the prime factors of o.
2, 3, 7
Suppose 3*z + 72 = 33. Let r(g) = -19*g - 33. Let v(b) = 19*b + 32. Let i(u) = -5*r(u) - 6*v(u). What are the prime factors of i(z)?
2, 5, 11
Suppose -5*x + 47 = 47. Suppose 3*j - 3*w = -1251, x*j + 3*j - 2*w = -1249. Let d = j - -705. What are the prime factors of d?
2, 5, 29
Suppose 9*l = 6*l + 495. Suppose -3*q - 4*u - 291 - 3 = 0, -4*q - 414 = -2*u. Let y = l + q. What are the prime factors of y?
3, 7
Let a = 5016 - -2477. What are the prime factors of a?
59, 127
Suppose 4*p + 2*r - 19 = 317, -5*r - 20 = 0. Let d = p + -82. Suppose -3*y + 137 = k, 182 = d*y - 0*y + 2*k. What are the prime factors of y?
2, 23
Let r = 181 + -154. Let p = r - -112. What are the prime factors of p?
139
Suppose 3*m + 41*x - 42*x - 2319 = 0, 0 = 5*x. What are the prime factors of m?
773
Let p be (-3 + 13 + -7)*(-1 + 2). Suppose p*z + 14 = 50. What are the prime factors of (-194)/((z/8 - 2)*2)?
2, 97
Suppose -278 = -3*d + 295. Let f = 1247 - 1213. Let v = d - f. List the prime factors of v.
157
Let a(w) = 2*w**3 - 4*w**2 - 3*w + 6. Let s be a(2). Suppose 2*n + 4*l = 3*n - 867, s = -2*n - l + 1707. What are the prime factors of n?
3, 5, 19
Let k = 36783 + -24561. List the prime factors of k.
2, 3, 7, 97
Suppose 150*p - 21645 = 147*p. What are the prime factors of p?
3, 5, 13, 37
What are the prime factors of 467060/20*1 + -2 + 4?
3, 5, 173
Let v(h) = -183*h - 1132. List the prime factors of v(-10).
2, 349
Suppose 12*g = -5*g - 10489. Let c = -330 - g. List the prime factors of c.
7, 41
Let k(r) = 389*r + 39. List the prime factors of k(25).
2, 2441
Let j = 30 + 500. Let z = -308 + j. What are the prime factors of z?
2, 3, 37
Let l(b) be the first derivative of -21*b**2/2 - 178*b - 5. What are the prime factors of l(-33)?
5, 103
Let o be (3 - 2) + -15 - 1. Suppose -17*g = -5*m - 18*g - 105, 3*m + 63 = -g. List the prime factors of 7/(m/o) + 4.
3
Let t = 23260 + -13443. What are the prime factors of t?
9817
Suppose -2*f - 2976 = -5*x + 1574, 4550 = 5*x + f. Suppose 0*v = -2*v + 4*t + x, -2*v + 883 = 5*t. What are the prime factors of v?
449
Let d(j) = j**3 + 5*j**2 + 3*j + 3. Suppose 0 = 5*g + 5*o - 10, 7 = g - 4*o + 25. Let b be d(g). Suppose 216 = b*p - 810. List the prime factors of p.
2, 3, 19
Let b = -11307 + 46685. What are the prime factors of b?
2, 7, 19
Suppose 3*s + 2*s - 868 = -l, 2*s - 2 = 0. Let m = l - 408. List the prime factors of m.
5, 7, 13
Suppose 0 = 4*n - 16, n = -3*c + 5*c + 34. Let f(d) = -d**2 - 9*d + 28. Let s be f(c). Let v = s - -124. What are the prime factors of v?
2, 31
Let a(f) = f**3 - 2*f**2 - 2*f + 4. Let v be a(2). Let l(g) = v*g + 6 + 18*g**2 - g + 3 - 6. List the prime factors of l(-2).
7, 11
Suppose 49*i = 146*i - 2302598 - 1254392. List the prime factors of i.
2, 5, 19, 193
Let p(l) = 3*l**2 + 3*l - 5 + 6*l**2 - 4*l - 6*l**2. Let q be p(2). What are the prime factors of (18/15)/(q*(-6)/(-500))?
2, 5
Suppose -3*l - 3 = -0*l. Let y be 8/l*(-1)/1. Suppose 258 = y*r - 198. What are the prime factors of r?
3, 19
Let m(n) = 59*n**2 - 4*n - 47. Let s be (-140)/(-30)*(-6)/7. List the prime factors of m(s).
11, 83
Let k = 584 + -259. Suppose -5*d - 5*t = -k, 15*d - 10*d = -3*t + 323. What are the prime factors of d?
2
Let k = 6102 - -4282. What are the prime factors of k?
2, 11, 59
Let s(q) = -1277*q - 1406. What are the prime factors of s(-21)?
25411
Suppose -z + 37953 = 2*j, -111*z + 114*z - 4*j = 113839. List the prime factors of z.
137, 277
Let f = 1578 + 460. List the prime factors of f.
2, 1019
Let c = -2213 - -4554. List the prime factors of c.
2341
List the prime factors of 15*(1 - (-5)/(-50))*(-15064)/(-12).
3, 7, 269
Let s(k) = -1662*k - 1893. List the prime factors of s(-6).
3, 2693
Let f = 3753 - 1274. List the prime factors of f.
37, 67
Suppose 5*u + 129660 = 5*v, -18*v + 17*v + 3*u + 25944 = 0. List the prime factors of v.
2, 3, 29, 149
Let l = 811 + -459. Let k be (-6)/(-3) + (-2 - -174). Let m = l - k. List the prime factors of m.
2, 89
Let h(g) = -1426*g + 1095. What are the prime factors of h(-5)?
5, 7, 47
Let k = 273 - 273. Suppose k = -3*q - 5*d + 1117 + 623, -4*d - 12 = 0. List the prime factors of q.
3, 5, 13
Suppose w - 82 = 8. Suppose w*a = 87*a + 1344. Suppose -3*o = -4*j + a + 639, -j + 2*o + 278 = 0. List the prime factors of j.
2, 67
Let c(r) = r**2 + r - 12. Let b be c(3). Let v(o) = 2*o**3 - o**2 + 120. What are the prime factors of v(b)?
2, 3, 5
Suppose 3*d - 94 = -85. What are the prime factors of d - 4 - -2 - -472?
11, 43
Let l be 20/90 + 109148/18. Suppose -14*c = -l + 170. List the prime factors of c.
421
Let b(s) = -s**3 + 12*s**2 - 7*s - 41. Let j be b(11). Suppose 2286 = 3*c - i, -3 = j*i + 6. What are the prime factors of c?
761
Let x be -6 - 16/3*(-15)/10. Suppose -x*i + 1105 + 2359 = 0. List the prime factors of i.
2, 433
Let l = -20002 + 35754. What are the prime factors of l?
2, 11, 179
Suppose -6*q + 2*z = -84218, 3*q - 17*z - 42085 = -22*z. What are the prime factors of q?
5, 7, 401
Suppose 0 = -u + 2*b - 5189, -4*u + 2*b + 5197 = -5*u. Let f be -2 + 21/15 - u/5. Suppose 18*o - 12*o - f = 0. What are the prime factors of o?
173
List the prime factors of 66664/10 + (91/(-65) - (3 + -4)).
2, 3, 11, 101
Let o = -275 + 282. Suppose o*h = -20*h + 16011. List the prime factors of h.
593
What are the prime factors of 1594 + ((-2)/(-12) - (3 + 10/(-12)))?
2, 199
Let r(k) = 6*k + 65. Let b be r(-9). List the prime factors of (-7 + b)*46*(-7)/(-4).
2, 7, 23
What are the prime factors of 16 + (-11)/77*-111209?
3, 19, 31
Let j(p) = 25*p**2 + 520*p + 118. List the prime factors of j(-63).
11, 6053
Suppose 2*t + 3*t - 3*z - 4 = 0, 2*t - 10 = -3*z. Suppose -851 = 4*w - 5*m, 0 = -t*w + 7*m - 2*m - 413. Let g = 312 + w. List the prime factors of g.
3, 31
Suppose 62139 + 105276 = 20*r - 26965. What are the prime factors of r?
9719
What are the prime factors of 183660/18*57/38?
5, 3061
Let h(b) = 81*b**2 + 51*b + 1018. What are the prime factors of h(-22)?
2, 5, 17, 23
Let b be -4 + (6 - 4/(-4)). Suppose h - 1321 = -b*q, -3*h + 5 = 2*h. What are the prime factors of q?
2, 5, 11
Let o = 4245 - 2864. What are the prime factors of (-7 - -2 - -6) + -7 + o?
5, 11
Let i = 941 + -665. Suppose -814 = -4*t - 2*n + 272, -i = -t - 2*n. List the prime factors of t.
2, 3, 5
List the prime factors of ((-17)/((-1428)/(-4152)))/((-14)/10339).
173, 211
Suppose -16037 - 46586 = -8*x - 11023. List the prime factors of x.
2, 3, 5, 43
Suppose r - 899930 = -49*r - 12*r. What are the prime factors of r?
5, 2903
Let d be 11 - 13 - (-2)/1. Suppose -4*i + 7855 + 1609 = d. What are the prime factors of 6/8 - i/(-56)?
43
Let z = -6567 - -10773. List the prime factors of z.
2, 3, 701
Let f(d) = -4*d**3 + 3*d**2 - 3*d + 21. Let w be f(4). Let h = w - -290. Suppose 11*n - h = 10*n. List the prime factors of n.
7, 13
Let d = 27764 + -1074. What are the prime factors of d?
2, 5, 17, 157
Let v(g) = -7*g**3 - g**2 + 4*g - 4. Let u be v(2). Let k = 103 + u. Suppose 2*n - 5*w - 132 = k, 0 = -3*n - 5*w + 306. List the prime factors of n.
97
Let t(p) = -167*p - 179. What are the prime factors of t(-41)?
2, 1667
Let n be ((-10)/5)/(-2)*7. Let q = n + -5. Suppose 0 = 2*y + 4*k - 100, k = q*y + 12 - 97. What are the prime factors of y?
2, 11
Let g(h) = -h**3 - 5*h**2 + 15*h + 23. Let b be g(-7). Let q(n) = 2*n**2 - 29*n - 24. List the prime factors of q(b).
2, 3
Let j be 68/(-119) + 50/14. Let s(k) = -29*k + 10. Let d(o) = o + 1. Let l(z) = 3*d(z) - s(z). What are the prime factors of l(j)?
89
Suppose 0 = f - 12 + 3. Suppose -3*t + f + 15 = 0. Let s(k) = -k**2 + 9*k + 10. What are the prime factors of s(t)?
2, 3
Suppose 3*x - 37 = -4*i + 41, 0 = x + 2*i - 24. Suppose -x = -5*j + 15. Let a(l) = 12*l - 5. What are the prime factors of a(j)?
103
Let r(w) = 4*w - w - 94 + 0*w + 13*w. What are the prime factors of r(22)?
2, 3, 43
Suppose -5*g + 15 = 2*f, -2*g + 5*g + 2*f - 5 = 0. Let x = 47 + g